{"id":2721,"date":"2024-05-07T05:43:27","date_gmt":"2024-05-07T03:43:27","guid":{"rendered":"https:\/\/hungarologija.ffzg.unizg.hr\/?page_id=2721"},"modified":"2024-05-08T08:24:07","modified_gmt":"2024-05-08T06:24:07","slug":"reformirani-studijski-program-u-izvedbi-od-ak-god-2024-2025","status":"publish","type":"page","link":"https:\/\/hungarologija.ffzg.unizg.hr\/?page_id=2721","title":{"rendered":"Reformirani studijski program &#8211; u izvedbi od ak. god. 2024.\/2025."},"content":{"rendered":"<p><strong>Prijediplomski studij Hungarologije (2P) \u2013 struktura reformiranog studija<\/strong><\/p>\n<table width=\"546\">\n<tbody>\n<tr>\n<td colspan=\"3\" width=\"546\"><strong>1. SEMESTAR<\/strong><\/td>\n<\/tr>\n<tr>\n<td colspan=\"3\" width=\"546\"><strong>1. Obavezni kolegiji<\/strong><\/td>\n<\/tr>\n<tr>\n<td width=\"451\">\u00a0\u00a0\u00a0\u00a0 Jezi\u010dne vje\u017ebe iz ma\u0111arskog jezika I.<\/td>\n<td width=\"67\">0\/0\/90<\/td>\n<td width=\"28\">6<\/td>\n<\/tr>\n<tr>\n<td width=\"451\">\u00a0\u00a0\u00a0\u00a0 Uvod u ma\u0111arsku kulturu<\/td>\n<td width=\"67\">30\/30\/0<\/td>\n<td width=\"28\">5<\/td>\n<\/tr>\n<tr>\n<td width=\"451\">\u00a0\u00a0\u00a0\u00a0 Uvod u ma\u0111arsku povijest<\/td>\n<td width=\"67\">30\/0\/0<\/td>\n<td width=\"28\">2<\/td>\n<\/tr>\n<tr>\n<td width=\"451\">\u00a0\u00a0\u00a0\u00a0 Tjelesna i zdravstvena kultura 1<\/td>\n<td width=\"67\">0\/0\/30<\/td>\n<td width=\"28\">0<\/td>\n<\/tr>\n<tr>\n<td colspan=\"3\" width=\"546\"><strong>2. Jezi\u010dne kompetencije 1 \u2013 odabrati 2 ECTS<\/strong><\/td>\n<\/tr>\n<tr>\n<td width=\"451\">\u00a0\u00a0\u00a0\u00a0 Hrvatski jezik 1<\/td>\n<td width=\"67\">15\/15\/0<\/td>\n<td width=\"28\">2<\/td>\n<\/tr>\n<tr>\n<td colspan=\"3\" width=\"546\"><strong>3. Zamjena za jezi\u010dne kompetencije \/ generi\u010dke vje\u0161tine &#8211; odabrati ukupno 4 ECTS<\/strong><\/p>\n<p>Ponuda generi\u010dkih kolegija \/ kolegiji iz ponude Centra za strane jezike<\/p>\n<p><strong>4. Slobodna izbornost \u2013 tijekom studija odabrati ukupno 8 ECTS<\/strong><\/td>\n<\/tr>\n<tr>\n<td width=\"451\">\u00b7\u00a0\u00a0\u00a0\u00a0\u00a0\u00a0\u00a0 Fakultetska ponuda<\/td>\n<td width=\"67\">&nbsp;<\/td>\n<td width=\"28\">&nbsp;<\/td>\n<\/tr>\n<tr>\n<td width=\"451\"><strong>\u00a0<\/strong><\/td>\n<td width=\"67\"><strong>\u00a0<\/strong><\/td>\n<td width=\"28\"><strong>\u00a0<\/strong><\/td>\n<\/tr>\n<tr>\n<td colspan=\"3\" width=\"546\"><strong>2. SEMESTAR<\/strong><\/td>\n<\/tr>\n<tr>\n<td colspan=\"3\" width=\"546\"><strong>1. Obavezni kolegiji<\/strong><\/td>\n<\/tr>\n<tr>\n<td width=\"451\">\u00a0\u00a0\u00a0\u00a0 Jezi\u010dne vje\u017ebe iz ma\u0111arskog jezika II.<\/td>\n<td width=\"67\">0\/0\/90<\/td>\n<td width=\"28\">6<\/td>\n<\/tr>\n<tr>\n<td width=\"451\">\u00a0\u00a0\u00a0\u00a0 Uvod u ma\u0111arski jezik i pismenost<\/td>\n<td width=\"67\">30\/0\/0<\/td>\n<td width=\"28\">2<\/td>\n<\/tr>\n<tr>\n<td width=\"451\">\u00a0\u00a0\u00a0\u00a0 Uvod u fonologiju i morfologiju ma\u0111arskog jezika<\/p>\n<p>Ma\u0111arska na turisti\u010dkoj karti Europe<\/p>\n<p>Tjelesna i zdravstvena kultura 2<\/td>\n<td width=\"67\">15\/15\/0<\/p>\n<p>15\/15\/0<\/p>\n<p>0\/0\/30<\/td>\n<td width=\"28\">3<\/p>\n<p>2<\/p>\n<p>0<\/td>\n<\/tr>\n<tr>\n<td colspan=\"3\" width=\"546\"><strong>2. Jezi\u010dne kompetencije 2 \u2013 odabrati 2 ECTS<\/strong><\/td>\n<\/tr>\n<tr>\n<td width=\"451\">\u00a0\u00a0\u00a0\u00a0 Hrvatski jezik 2<\/td>\n<td width=\"67\">15\/15\/0<\/td>\n<td width=\"28\">2<\/td>\n<\/tr>\n<tr>\n<td colspan=\"3\" width=\"546\"><strong>3. Zamjena za jezi\u010dne kompetencije \/ generi\u010dke vje\u0161tine &#8211; odabrati ukupno 4 ECTS<\/strong><\/p>\n<p>Ponuda generi\u010dkih kolegija \/ kolegiji iz ponude Centra za strane jezike<\/p>\n<p><strong>4. Slobodna izbornost \u2013 tijekom studija odabrati ukupno 8 ECTS<\/strong><\/td>\n<\/tr>\n<tr>\n<td width=\"451\">\u00b7\u00a0\u00a0\u00a0\u00a0\u00a0\u00a0\u00a0 Fakultetska ponuda<\/td>\n<td width=\"67\">&nbsp;<\/td>\n<td width=\"28\">&nbsp;<\/td>\n<\/tr>\n<tr>\n<td width=\"451\"><strong>\u00a0<\/strong><\/td>\n<td width=\"67\"><strong>\u00a0<\/strong><\/td>\n<td width=\"28\"><strong>\u00a0<\/strong><\/td>\n<\/tr>\n<tr>\n<td colspan=\"3\" width=\"546\"><strong>3. SEMESTAR<\/strong><\/td>\n<\/tr>\n<tr>\n<td colspan=\"3\" width=\"546\"><strong>1. Obavezni kolegiji<\/strong><\/td>\n<\/tr>\n<tr>\n<td width=\"451\">&nbsp;<\/td>\n<td width=\"67\">&nbsp;<\/td>\n<td width=\"28\">&nbsp;<\/td>\n<\/tr>\n<tr>\n<td width=\"451\">\u00a0\u00a0\u00a0\u00a0 Jezi\u010dne vje\u017ebe iz ma\u0111arskog jezika III.<\/td>\n<td width=\"67\">0\/0\/90<\/td>\n<td width=\"28\">5<\/td>\n<\/tr>\n<tr>\n<td width=\"451\">\u00a0\u00a0\u00a0\u00a0 Ma\u0111arska knji\u017eevnost I. (Romantizam)<\/td>\n<td width=\"67\">15\/30\/0<\/td>\n<td width=\"28\">4<\/td>\n<\/tr>\n<tr>\n<td colspan=\"3\" width=\"546\">\u00a0\u00a0\u00a0\u00a0 Suvremeni ma\u0111arski jezik I. (Imenske i relacijske rije\u010di)\u00a0\u00a0\u00a0 \u00a0\u00a0\u00a0\u00a0\u00a0\u00a0\u00a0\u00a0\u00a0\u00a0\u00a0\u00a0\u00a0\u00a0\u00a0\u00a0\u00a0\u00a0\u00a0\u00a0\u00a0\u00a0\u00a030\/15\/0\u00a0\u00a0 4<\/p>\n<p>Tjelesna i zdravstvena kultura 3<\/td>\n<\/tr>\n<tr>\n<td width=\"451\">&nbsp;<\/td>\n<td width=\"67\">30\/0\/0<\/td>\n<td width=\"28\">&nbsp;<\/td>\n<\/tr>\n<tr>\n<td colspan=\"3\" width=\"546\"><strong>2. Izbornost struke \u2013 tijekom 3. i 4. semestra odabrati ukupno 4 ECTS<\/strong><\/td>\n<\/tr>\n<tr>\n<td width=\"451\">\u00b7\u00a0\u00a0\u00a0\u00a0\u00a0\u00a0\u00a0 Izborni kolegij iz ponude Odsjeka<\/td>\n<td width=\"67\">0\/0\/30\u00a0 2<\/td>\n<td width=\"28\">&nbsp;<\/td>\n<\/tr>\n<tr>\n<td width=\"451\"><strong>3. Slobodna izbornost \u2013 tijekom studija odabrati ukupno 8 ECTS<\/strong><\/p>\n<p>\u25cf Fakultetska ponuda<\/td>\n<td width=\"67\">&nbsp;<\/td>\n<td width=\"28\">&nbsp;<\/td>\n<\/tr>\n<tr>\n<td width=\"451\"><strong>\u00a0<\/strong><\/td>\n<td width=\"67\"><strong>\u00a0<\/strong><\/td>\n<td width=\"28\"><strong>\u00a0<\/strong><\/td>\n<\/tr>\n<tr>\n<td colspan=\"3\" width=\"546\"><strong>4. SEMESTAR<\/strong><\/td>\n<\/tr>\n<tr>\n<td colspan=\"3\" width=\"546\"><strong>1. Obavezni kolegiji<\/strong><\/td>\n<\/tr>\n<tr>\n<td width=\"451\">\u00a0\u00a0\u00a0\u00a0 Jezi\u010dne vje\u017ebe iz ma\u0111arskog jezika IV.<\/td>\n<td width=\"67\">0\/0\/90<\/td>\n<td width=\"28\">5<\/td>\n<\/tr>\n<tr>\n<td width=\"451\">\u00a0 \u00a0\u00a0\u00a0Ma\u0111arska knji\u017eevnost II. (Predmodernizam)<\/td>\n<td width=\"67\">15\/30\/0<\/td>\n<td width=\"28\">4<\/td>\n<\/tr>\n<tr>\n<td width=\"451\">\u00a0\u00a0\u00a0\u00a0 Suvremeni ma\u0111arski jezik II. (Glagolska morfologija)<\/p>\n<p>Tjelesna i zdravstvena kultura 4<\/td>\n<td width=\"67\">30\/15\/0<\/p>\n<p>0\/0\/30<\/td>\n<td width=\"28\">4<\/p>\n<p>0<\/td>\n<\/tr>\n<tr>\n<td colspan=\"3\" width=\"546\"><strong>2. Izbornost struke \u2013 <\/strong><strong>tijekom 3. i 4 . semestra odabrati ukupno 4 ECTS<\/strong><\/td>\n<\/tr>\n<tr>\n<td width=\"451\">\u00b7\u00a0\u00a0\u00a0\u00a0\u00a0\u00a0\u00a0 Izborni kolegiji iz ponude Odsjeka<\/td>\n<td width=\"67\">0\/0\/30<\/td>\n<td width=\"28\">2<\/td>\n<\/tr>\n<tr>\n<td colspan=\"3\" width=\"546\"><strong>3. Slobodna izbornost \u2013 tijekom studija odabrati ukupno 8 ECTS<\/strong><\/td>\n<\/tr>\n<tr>\n<td width=\"451\">\u00b7\u00a0\u00a0\u00a0\u00a0\u00a0\u00a0\u00a0 Fakultetska ponuda<\/td>\n<td width=\"67\">&nbsp;<\/td>\n<td width=\"28\">&nbsp;<\/td>\n<\/tr>\n<tr>\n<td width=\"451\"><strong>\u00a0<\/strong><\/td>\n<td width=\"67\"><strong>\u00a0<\/strong><\/td>\n<td width=\"28\"><strong>\u00a0<\/strong><\/td>\n<\/tr>\n<tr>\n<td colspan=\"3\" width=\"546\"><strong>5. SEMESTAR<\/strong><\/td>\n<\/tr>\n<tr>\n<td colspan=\"3\" width=\"546\"><strong>1. Obavezni kolegiji<\/strong><\/td>\n<\/tr>\n<tr>\n<td width=\"451\">\u00a0\u00a0\u00a0\u00a0 Jezi\u010dne vje\u017ebe iz ma\u0111arskog jezika V.<\/td>\n<td width=\"67\">0\/0\/90<\/td>\n<td width=\"28\">4<\/td>\n<\/tr>\n<tr>\n<td width=\"451\">\u00a0\u00a0\u00a0\u00a0 Ma\u0111arska knji\u017eevnost III. (Moderna i avangarda)<\/p>\n<p>&nbsp;<\/td>\n<td width=\"67\">15\/30\/0<\/td>\n<td width=\"28\">3<\/td>\n<\/tr>\n<tr>\n<td colspan=\"3\" width=\"546\">Suvremeni ma\u0111arski jezik III. (Konstrukcije rije\u010di)\u00a0\u00a0\u00a0\u00a0\u00a0\u00a0\u00a0\u00a0\u00a0\u00a0\u00a0\u00a0\u00a0\u00a0\u00a0\u00a0\u00a0\u00a0\u00a0\u00a0\u00a0\u00a0\u00a0\u00a0\u00a0\u00a0\u00a0\u00a0\u00a0\u00a0\u00a0\u00a0\u00a0\u00a0\u00a0 15\/15\/0\u00a0\u00a0\u00a0\u00a0 3<\/p>\n<p><strong>2. Slobodna izbornost \u2013 tijekom studija odabrati ukupno 8 ECTS<\/strong><\/td>\n<\/tr>\n<tr>\n<td colspan=\"3\" width=\"546\"><strong>\u25cf <\/strong>Fakultetska ponuda<\/td>\n<\/tr>\n<tr>\n<td width=\"451\"><strong>\u00a0<\/strong><\/td>\n<td width=\"67\"><strong>\u00a0<\/strong><\/td>\n<td width=\"28\"><strong>\u00a0<\/strong><\/td>\n<\/tr>\n<tr>\n<td colspan=\"3\" width=\"546\"><strong>6. SEMESTAR<\/strong><\/td>\n<\/tr>\n<tr>\n<td colspan=\"3\" width=\"546\"><strong>1. Obavezni kolegiji<\/strong><\/td>\n<\/tr>\n<tr>\n<td width=\"451\">\u00a0\u00a0\u00a0\u00a0 Jezi\u010dne vje\u017ebe iz ma\u0111arskog jezika VI.<\/td>\n<td width=\"67\">0\/0\/90<\/td>\n<td width=\"28\">4<\/td>\n<\/tr>\n<tr>\n<td width=\"451\">\u00a0\u00a0\u00a0\u00a0 Ma\u0111arska knji\u017eevnost IV. (Postmodernizam)<\/td>\n<td width=\"67\">15\/15\/0<\/td>\n<td width=\"28\">3<\/td>\n<\/tr>\n<tr>\n<td width=\"451\">\u00a0\u00a0\u00a0\u00a0 Suvremeni ma\u0111arski jezik IV. (Re\u010deni\u010dno ustrojstvo)<\/p>\n<p>Zavr\u0161ni ispit<\/td>\n<td width=\"67\">15\/15\/0<\/p>\n<p>0\/0\/0<\/td>\n<td width=\"28\">3<\/p>\n<p>2<\/td>\n<\/tr>\n<tr>\n<td colspan=\"3\" width=\"546\"><strong>2. Slobodna izbornost \u2013 tijekom studija odabrati ukupno 8 ECTS<\/strong><\/td>\n<\/tr>\n<tr>\n<td width=\"451\">\u00b7\u00a0\u00a0\u00a0\u00a0\u00a0 Fakultetska ponuda<\/td>\n<td width=\"67\">&nbsp;<\/td>\n<td width=\"28\">&nbsp;<\/td>\n<\/tr>\n<\/tbody>\n<\/table>\n<p>&nbsp;<\/p>\n","protected":false},"excerpt":{"rendered":"<p>Prijediplomski studij Hungarologije (2P) \u2013 struktura reformiranog studija 1. SEMESTAR 1. Obavezni kolegiji \u00a0\u00a0\u00a0\u00a0 Jezi\u010dne vje\u017ebe iz ma\u0111arskog jezika I. 0\/0\/90 6 \u00a0\u00a0\u00a0\u00a0 Uvod u ma\u0111arsku kulturu 30\/30\/0 5 \u00a0\u00a0\u00a0\u00a0 Uvod u ma\u0111arsku povijest 30\/0\/0 2 \u00a0\u00a0\u00a0\u00a0 Tjelesna i zdravstvena &hellip; <a href=\"https:\/\/hungarologija.ffzg.unizg.hr\/?page_id=2721\">Nastavi \u010ditati <span class=\"meta-nav\">&rarr;<\/span><\/a><\/p>\n","protected":false},"author":101013,"featured_media":0,"parent":492,"menu_order":0,"comment_status":"closed","ping_status":"closed","template":"","meta":{"ngg_post_thumbnail":0,"footnotes":""},"_links":{"self":[{"href":"https:\/\/hungarologija.ffzg.unizg.hr\/index.php?rest_route=\/wp\/v2\/pages\/2721"}],"collection":[{"href":"https:\/\/hungarologija.ffzg.unizg.hr\/index.php?rest_route=\/wp\/v2\/pages"}],"about":[{"href":"https:\/\/hungarologija.ffzg.unizg.hr\/index.php?rest_route=\/wp\/v2\/types\/page"}],"author":[{"embeddable":true,"href":"https:\/\/hungarologija.ffzg.unizg.hr\/index.php?rest_route=\/wp\/v2\/users\/101013"}],"replies":[{"embeddable":true,"href":"https:\/\/hungarologija.ffzg.unizg.hr\/index.php?rest_route=%2Fwp%2Fv2%2Fcomments&post=2721"}],"version-history":[{"count":3,"href":"https:\/\/hungarologija.ffzg.unizg.hr\/index.php?rest_route=\/wp\/v2\/pages\/2721\/revisions"}],"predecessor-version":[{"id":2725,"href":"https:\/\/hungarologija.ffzg.unizg.hr\/index.php?rest_route=\/wp\/v2\/pages\/2721\/revisions\/2725"}],"up":[{"embeddable":true,"href":"https:\/\/hungarologija.ffzg.unizg.hr\/index.php?rest_route=\/wp\/v2\/pages\/492"}],"wp:attachment":[{"href":"https:\/\/hungarologija.ffzg.unizg.hr\/index.php?rest_route=%2Fwp%2Fv2%2Fmedia&parent=2721"}],"curies":[{"name":"wp","href":"https:\/\/api.w.org\/{rel}","templated":true}]}}